{"id":7,"date":"2017-02-18T13:56:24","date_gmt":"2017-02-18T12:56:24","guid":{"rendered":"http:\/\/gewiegmbh.de\/c\/?page_id=7"},"modified":"2018-05-16T11:34:59","modified_gmt":"2018-05-16T09:34:59","slug":"startseite","status":"publish","type":"page","link":"https:\/\/gewiegmbh.de\/c\/","title":{"rendered":"Startseite"},"content":{"rendered":"<div id=\"pl-7\"  class=\"panel-layout\" ><div id=\"pg-7-0\"  class=\"panel-grid panel-has-style\" ><div style=\"padding: 0px 0; \" data-overlay=\"true\" data-overlay-color=\"#000000\" class=\"panel-row-style panel-row-style-for-7-0\" ><div id=\"pgc-7-0-0\"  class=\"panel-grid-cell\" ><div id=\"panel-7-0-0-0\" class=\"so-panel widget widget_sow-editor panel-first-child\" data-index=\"0\" ><div class=\"wow slideInLeft panel-widget-style panel-widget-style-for-7-0-0-0\" style=\"text-align: left;\" data-wow-offset=\"10\" data-wow-iteration=\"1\" data-title-color=\"#443f3f\" data-headings-color=\"#443f3f\" ><div\n\t\t\t\n\t\t\tclass=\"so-widget-sow-editor so-widget-sow-editor-base\"\n\t\t\t\n\t\t><h3 class=\"widget-title\">Das Unternehmen<\/h3>\n<div class=\"siteorigin-widget-tinymce textwidget\">\n\t<h6 style=\"text-align: center;\"><span style=\"color: #c27300;\">Wir freuen uns, Sie auf unserer Webseite begr\u00fc\u00dfen zu d\u00fcrfen!<\/span><\/h6>\n<h6 style=\"text-align: center;\"><span style=\"color: #c27300;\">Wenn Sie kompeten Partner in Sachen Zerspanung von Dreh- und Fr\u00e4steilen suchen sind Sie bei uns richtig.<\/span><\/h6>\n<h6 style=\"text-align: center;\"><span style=\"color: #c27300;\">Wir bieten alles aus einer Hand.<\/span><\/h6>\n<h6 style=\"text-align: center;\"><span style=\"color: #c27300;\">Zuverl\u00e4ssigkeit und Pr\u00e4zision ist unser Anspruch.<\/span><\/h6>\n<h6 style=\"text-align: center;\"><span style=\"color: #c27300;\">In allen Arbeitsbereichen verf\u00fcgen wir \u00fcber entsprechende Fachkompetenz und langj\u00e4hrige Erfahrung, denn...<\/span><\/h6>\n<\/div>\n<\/div><\/div><\/div><div id=\"panel-7-0-0-1\" class=\"so-panel widget widget_sow-editor\" data-index=\"1\" ><div class=\"wow fadeIn panel-widget-style panel-widget-style-for-7-0-0-1\" style=\"text-align: left;\" data-wow-duration=\"2s\" data-wow-offset=\"10\" data-wow-iteration=\"1\" data-title-color=\"#443f3f\" data-headings-color=\"#443f3f\" ><div\n\t\t\t\n\t\t\tclass=\"so-widget-sow-editor so-widget-sow-editor-base\"\n\t\t\t\n\t\t>\n<div class=\"siteorigin-widget-tinymce textwidget\">\n\t<p>\u00a0<\/p>\n<p style=\"text-align: center;\"><span style=\"color: #c27300; text-align: center; font-size: 150%;\"><strong><em>\"Ein Produkt ist nur so gut wie die Teile aus denen es hergestellt wird.\"<\/em><\/strong><\/span><\/p>\n<p>\u00a0<\/p>\n<\/div>\n<\/div><\/div><\/div><div id=\"panel-7-0-0-2\" class=\"so-panel widget widget_sow-editor\" data-index=\"2\" ><div class=\"wow slideInRight panel-widget-style panel-widget-style-for-7-0-0-2\" style=\"text-align: left;\" data-wow-offset=\"10\" data-wow-iteration=\"1\" data-title-color=\"#443f3f\" data-headings-color=\"#443f3f\" ><div\n\t\t\t\n\t\t\tclass=\"so-widget-sow-editor so-widget-sow-editor-base\"\n\t\t\t\n\t\t><h3 class=\"widget-title\">\u00dcber uns<\/h3>\n<div class=\"siteorigin-widget-tinymce textwidget\">\n\t<p style=\"text-align: center;\">Wir sind ein Familien-Unternehmen in der 2. Generation.<\/p>\n<p style=\"text-align: center;\">Seid \u00fcber 30 Jahren liefern wir Dreh- und Fr\u00e4steile.<\/p>\n<p style=\"text-align: center;\">Unsere Schwerpunkte setzen wir insbesondere auf:<\/p>\n<div style=\"margin-left: auto; margin-right: auto; display: table;\">\n<ul>\n<li>Qualit\u00e4t<\/li>\n<li>Zuverl\u00e4ssigkeit<\/li>\n<li>Flexibilit\u00e4t und<\/li>\n<li>Unb\u00fcrokratische Organisation<\/li>\n<\/ul>\n<\/div><\/div>\n<\/div><\/div><\/div><div id=\"panel-7-0-0-3\" class=\"so-panel widget widget_sow-editor\" data-index=\"3\" ><div class=\"wow fadeIn panel-widget-style panel-widget-style-for-7-0-0-3\" style=\"text-align: left;\" data-wow-duration=\"2s\" data-wow-offset=\"10\" data-wow-iteration=\"1\" data-title-color=\"#443f3f\" data-headings-color=\"#443f3f\" ><div\n\t\t\t\n\t\t\tclass=\"so-widget-sow-editor so-widget-sow-editor-base\"\n\t\t\t\n\t\t>\n<div class=\"siteorigin-widget-tinymce textwidget\">\n\t<h4 style=\"text-align: center;\"><span style=\"color: #c27300;\">Denn mit guten Ideen, guter Leistung und einwandfreier Qualit\u00e4t kann man viel erreichen!<\/span><\/h4>\n<\/div>\n<\/div><\/div><\/div><div id=\"panel-7-0-0-4\" class=\"so-panel widget widget_sow-editor\" data-index=\"4\" ><div class=\"wow slideInLeft panel-widget-style panel-widget-style-for-7-0-0-4\" style=\"text-align: left;\" data-wow-offset=\"10\" data-wow-iteration=\"1\" data-title-color=\"#443f3f\" data-headings-color=\"#443f3f\" ><div\n\t\t\t\n\t\t\tclass=\"so-widget-sow-editor so-widget-sow-editor-base\"\n\t\t\t\n\t\t>\n<div class=\"siteorigin-widget-tinymce textwidget\">\n\t<p style=\"text-align: center;\">So wurden wir zu einem zuverl\u00e4ssigen Zulieferbetrieb f\u00fcr die unterschiedlichsten Branchen.<\/p>\n<div style=\"margin-left: auto; margin-right: auto; display: table;\">\n<ul>\n<li>Mess- und Regeltechnik<\/li>\n<li>Zuf\u00fchrtechnik<\/li>\n<li>Medizintechnik<\/li>\n<li>Maschinenbau und<\/li>\n<li>diverse andere Branchen<\/li>\n<\/ul>\n<\/div>\n<p style=\"text-align: center;\">\u00a0<\/p>\n<\/div>\n<\/div><\/div><\/div><div id=\"panel-7-0-0-5\" class=\"so-panel widget widget_sow-editor\" data-index=\"5\" ><div class=\"wow slideInRight panel-widget-style panel-widget-style-for-7-0-0-5\" style=\"text-align: left;\" data-wow-offset=\"10\" data-wow-iteration=\"1\" data-title-color=\"#443f3f\" data-headings-color=\"#443f3f\" ><div\n\t\t\t\n\t\t\tclass=\"so-widget-sow-editor so-widget-sow-editor-base\"\n\t\t\t\n\t\t><h3 class=\"widget-title\">DREHTEILE<\/h3>\n<div class=\"siteorigin-widget-tinymce textwidget\">\n\t<p style=\"text-align: center;\">Die Drehteile werden auf hochmodernen CNC-Drehautomaten hergestellt.<\/p>\n<p style=\"text-align: center;\">Vom einfachen bis zum komplexen Teil.<\/p>\n<p style=\"text-align: center;\">\u00a0 \u00a0 \u00a0CNC-Drehautomaten: \u00a0 Durchmesser \u00a03 - 60 mm von der Stange, L\u00e4nge bis 500 mm<\/p>\n<p style=\"text-align: center;\">6 Kant \u00a0 3 - 50 mm<\/p>\n<p style=\"text-align: center;\">4 Kant \u00a0 3 - 40 mm<\/p>\n<p style=\"text-align: center;\">in<\/p>\n<h6 style=\"text-align: center;\"><span style=\"color: #c27300;\">Klein- und Mittelserien<\/span><\/h6>\n<p style=\"text-align: center;\">sowie<\/p>\n<h6 style=\"text-align: center;\"><\/h6>\n<p style=\"text-align: center;\">CNC-Langdrehautomaten: \u00a0 \u00a0 Durchmesser 3 - 34 mm, L\u00e4nge bis 250 mm<\/p>\n<p style=\"text-align: center;\">f\u00fcr<\/p>\n<h6 style=\"text-align: center;\"><span style=\"color: #c27300;\">Mittel- und Gro\u00dfserien<\/span><\/h6>\n<p style=\"text-align: center;\">Einlege- und Futter Drehteile: bis Durchmesser 280 mm, L\u00e4nge bis 800 mm<\/p>\n<p style=\"text-align: center;\">f\u00fcr<\/p>\n<h6 style=\"text-align: center;\"><span style=\"color: #c27300;\">Kleinmengen und Einzelteile<\/span><\/h6>\n<p>&nbsp;<\/p>\n<\/div>\n<\/div><\/div><\/div><div id=\"panel-7-0-0-6\" class=\"so-panel widget widget_sow-editor\" data-index=\"6\" ><div class=\"wow slideInLeft panel-widget-style panel-widget-style-for-7-0-0-6\" style=\"text-align: left;\" data-wow-offset=\"10\" data-wow-iteration=\"1\" data-title-color=\"#443f3f\" data-headings-color=\"#443f3f\" ><div\n\t\t\t\n\t\t\tclass=\"so-widget-sow-editor so-widget-sow-editor-base\"\n\t\t\t\n\t\t><h3 class=\"widget-title\">FR\u00c4STEILE<\/h3>\n<div class=\"siteorigin-widget-tinymce textwidget\">\n\t<p style=\"text-align: center;\">Auf Modernen 5 Achs-Fr\u00e4szentren ist eine absolut pr\u00e4zise Bearbeitung (auch mit komplexen Geometrien)<\/p>\n<p style=\"text-align: center;\">mit kurzen Durchlaufzeiten gew\u00e4hrleistet.<\/p>\n<p style=\"text-align: center;\">Verfahrenswege: x 750 y 650 z 560<\/p>\n<p>\u00a0<\/p>\n<\/div>\n<\/div><\/div><\/div><div id=\"panel-7-0-0-7\" class=\"so-panel widget widget_sow-editor\" data-index=\"7\" ><div class=\"wow slideInRight panel-widget-style panel-widget-style-for-7-0-0-7\" style=\"text-align: left;\" data-wow-offset=\"10\" data-wow-iteration=\"1\" data-title-color=\"#443f3f\" data-headings-color=\"#443f3f\" ><div\n\t\t\t\n\t\t\tclass=\"so-widget-sow-editor so-widget-sow-editor-base\"\n\t\t\t\n\t\t><h3 class=\"widget-title\">MATERIAL UND ZUSATZLEISTUNGEN<\/h3>\n<div class=\"siteorigin-widget-tinymce textwidget\">\n\t<h4 style=\"text-align: center;\"><span style=\"color: #c27300;\">Materialvielfalt f\u00fcr jede Anwendung<\/span><\/h4>\n<div style=\"margin-left: auto; margin-right: auto; display: table;\">\n<ul>\n<li>Automatenst\u00e4hl<\/li>\n<li>Edelst\u00e4hle in verschiedenen Sorten<\/li>\n<li>NE-Metalle (Messing, Aluminium, Kupfer etc)<\/li>\n<li>Kunststoffen (PA, POM, PVC etc)<\/li>\n<li>Sonderst\u00e4hle wie z.B: ETG 88 \/ 100 sowie<\/li>\n<li>weitere zerspanbare Materialien<\/li>\n<\/ul>\n<\/div><\/div>\n<\/div><\/div><\/div><div id=\"panel-7-0-0-8\" class=\"so-panel widget widget_sow-editor\" data-index=\"8\" ><div class=\"wow slideInLeft panel-widget-style panel-widget-style-for-7-0-0-8\" style=\"text-align: left;\" data-wow-offset=\"10\" data-wow-iteration=\"1\" data-title-color=\"#443f3f\" data-headings-color=\"#443f3f\" ><div\n\t\t\t\n\t\t\tclass=\"so-widget-sow-editor so-widget-sow-editor-base\"\n\t\t\t\n\t\t>\n<div class=\"siteorigin-widget-tinymce textwidget\">\n\t<h6 style=\"text-align: center;\"><span style=\"color: #c27300;\">W\u00e4rmebehandlung<\/span><\/h6>\n<div style=\"margin-left: auto; margin-right: auto; display: table;\">\n<ul>\n<li>verg\u00fcten<\/li>\n<li>einsatzh\u00e4rten<\/li>\n<li>induktiv-h\u00e4rten<\/li>\n<li>etc.<\/li>\n<\/ul>\n<\/div>\n<h6 style=\"text-align: center;\"><span style=\"color: #c27300;\">Oberfl\u00e4chenbehandlung<\/span><\/h6>\n<div style=\"margin-left: auto; margin-right: auto; display: table;\">\n<ul>\n<li>verzinken<\/li>\n<li>vernickeln<\/li>\n<li>br\u00fcnieren<\/li>\n<li>eloxieren<\/li>\n<\/ul>\n<\/div>\n<p style=\"text-align: center;\">sowie Schleifen.<\/p>\n<\/div>\n<\/div><\/div><\/div><div id=\"panel-7-0-0-9\" class=\"so-panel widget widget_sow-editor panel-last-child\" data-index=\"9\" ><div class=\"wow fadeIn panel-widget-style panel-widget-style-for-7-0-0-9\" style=\"text-align: left;\" data-wow-duration=\"2s\" data-wow-offset=\"10\" data-wow-iteration=\"1\" data-title-color=\"#443f3f\" data-headings-color=\"#443f3f\" ><div\n\t\t\t\n\t\t\tclass=\"so-widget-sow-editor so-widget-sow-editor-base\"\n\t\t\t\n\t\t>\n<div class=\"siteorigin-widget-tinymce textwidget\">\n\t<h4 style=\"text-align: center;\"><span style=\"color: #c27300;\">Diese Arbeiten werden von qualifizierten Betrieben ausgef\u00fchrt.<\/span><\/h4>\n<\/div>\n<\/div><\/div><\/div><\/div><\/div><\/div><\/div>","protected":false},"excerpt":{"rendered":"<p>Wir freuen uns, Sie auf unserer Webseite begr\u00fc\u00dfen zu d\u00fcrfen! Wenn Sie kompeten Partner in Sachen Zerspanung von Dreh- und Fr\u00e4steilen suchen [&hellip;]<\/p>\n","protected":false},"author":1,"featured_media":0,"parent":0,"menu_order":0,"comment_status":"closed","ping_status":"closed","template":"page-templates\/page_fullwidth.php","meta":{"footnotes":""},"class_list":["post-7","page","type-page","status-publish","hentry"],"_links":{"self":[{"href":"https:\/\/gewiegmbh.de\/c\/wp-json\/wp\/v2\/pages\/7","targetHints":{"allow":["GET"]}}],"collection":[{"href":"https:\/\/gewiegmbh.de\/c\/wp-json\/wp\/v2\/pages"}],"about":[{"href":"https:\/\/gewiegmbh.de\/c\/wp-json\/wp\/v2\/types\/page"}],"author":[{"embeddable":true,"href":"https:\/\/gewiegmbh.de\/c\/wp-json\/wp\/v2\/users\/1"}],"replies":[{"embeddable":true,"href":"https:\/\/gewiegmbh.de\/c\/wp-json\/wp\/v2\/comments?post=7"}],"version-history":[{"count":251,"href":"https:\/\/gewiegmbh.de\/c\/wp-json\/wp\/v2\/pages\/7\/revisions"}],"predecessor-version":[{"id":362,"href":"https:\/\/gewiegmbh.de\/c\/wp-json\/wp\/v2\/pages\/7\/revisions\/362"}],"wp:attachment":[{"href":"https:\/\/gewiegmbh.de\/c\/wp-json\/wp\/v2\/media?parent=7"}],"curies":[{"name":"wp","href":"https:\/\/api.w.org\/{rel}","templated":true}]}}